r when 3353 is divided by 459?
140
What is the remainder when 559299 is divided by 604?
599
Calculate the remainder when 357993 is divided by 14.
13
Calculate the remainder when 54821 is divided by 7.
4
Calculate the remainder when 58172 is divided by 3878.
2
Calculate the remainder when 390451 is divided by 16268.
19
Calculate the remainder when 329060 is divided by 11752.
4
What is the remainder when 12861 is divided by 12?
9
What is the remainder when 29467 is divided by 2104?
11
Calculate the remainder when 76821 is divided by 198.
195
What is the remainder when 300159 is divided by 6?
3
What is the remainder when 203059 is divided by 101527?
5
What is the remainder when 1229810 is divided by 449?
448
What is the remainder when 25271 is divided by 66?
59
Calculate the remainder when 1461 is divided by 1428.
33
Calculate the remainder when 73471 is divided by 440.
431
What is the remainder when 312 is divided by 36?
24
What is the remainder when 6099 is divided by 6082?
17
What is the remainder when 27502 is divided by 1632?
1390
Calculate the remainder when 6026 is divided by 163.
158
Calculate the remainder when 16587 is divided by 207.
27
What is the remainder when 6606 is divided by 53?
34
What is the remainder when 1712 is divided by 50?
12
Calculate the remainder when 1064 is divided by 918.
146
Calculate the remainder when 196637 is divided by 1375.
12
Calculate the remainder when 286277 is divided by 85.
82
What is the remainder when 9291 is divided by 915?
141
Calculate the remainder when 59475 is divided by 109.
70
What is the remainder when 8319 is divided by 107?
80
Calculate the remainder when 22246 is divided by 349.
259
What is the remainder when 32394 is divided by 120?
114
Calculate the remainder when 41748 is divided by 240.
228
What is the remainder when 19375 is divided by 12?
7
Calculate the remainder when 16391 is divided by 12.
11
Calculate the remainder when 4792 is divided by 2393.
6
What is the remainder when 29671 is divided by 1557?
88
Calculate the remainder when 17450 is divided by 221.
212
What is the remainder when 9012 is divided by 75?
12
What is the remainder when 3717 is divided by 51?
45
What is the remainder when 1834 is divided by 111?
58
Calculate the remainder when 20051 is divided by 58.
41
Calculate the remainder when 7742 is divided by 56.
14
What is the remainder when 35635 is divided by 81?
76
What is the remainder when 1657 is divided by 289?
212
What is the remainder when 8559 is divided by 29?
4
Calculate the remainder when 2996 is divided by 29.
9
Calculate the remainder when 25963 is divided by 5191.
8
What is the remainder when 72025 is divided by 24002?
19
What is the remainder when 5960 is divided by 26?
6
What is the remainder when 1608 is divided by 147?
138
Calculate the remainder when 27996 is divided by 364.
332
What is the remainder when 192386 is divided by 17?
14
What is the remainder when 5275 is divided by 455?
270
Calculate the remainder when 4317 is divided by 2113.
91
Calculate the remainder when 36002 is divided by 2400.
2
Calculate the remainder when 192881 is divided by 102.
101
Calculate the remainder when 75287 is divided by 236.
3
Calculate the remainder when 14116 is divided by 570.
436
What is the remainder when 2036 is divided by 31?
21
What is the remainder when 4115 is divided by 44?
23
What is the remainder when 381 is divided by 46?
13
Calculate the remainder when 4563 is divided by 287.
258
What is the remainder when 2987974 is divided by 184?
182
What is the remainder when 10205 is divided by 463?
19
Calculate the remainder when 6094 is divided by 1156.
314
What is the remainder when 2996 is divided by 502?
486
What is the remainder when 3393 is divided by 1696?
1
What is the remainder when 365319 is divided by 4?
3
Calculate the remainder when 20388 is divided by 10.
8
Calculate the remainder when 31584 is divided by 68.
32
Calculate the remainder when 20975 is divided by 10486.
3
What is the remainder when 2020 is divided by 2008?
12
Calculate the remainder when 22536 is divided by 87.
3
What is the remainder when 91950 is divided by 707?
40
Calculate the remainder when 36210 is divided by 9025.
110
What is the remainder when 28955 is divided by 95?
75
What is the remainder when 590179 is divided by 230?
229
What is the remainder when 36706 is divided by 7341?
1
Calculate the remainder when 7779 is divided by 99.
57
Calculate the remainder when 3736 is divided by 1209.
109
Calculate the remainder when 951 is divided by 189.
6
Calculate the remainder when 1513 is divided by 246.
37
What is the remainder when 3609816 is divided by 27?
24
Calculate the remainder when 1214 is divided by 197.
32
Calculate the remainder when 587 is divided by 234.
119
Calculate the remainder when 36282 is divided by 138.
126
What is the remainder when 3800 is divided by 123?
110
Calculate the remainder when 2319 is divided by 1154.
11
Calculate the remainder when 279807 is divided by 356.
347
What is the remainder when 1142530 is divided by 9935?
5
Calculate the remainder when 28655 is divided by 1023.
11
What is the remainder when 105495 is divided by 417?
411
Calculate the remainder when 3262 is divided by 272.
270
What is the remainder when 31324 is divided by 134?
102
Calculate the remainder when 11049 is divided by 11039.
10
Calculate the remainder when 32565 is divided by 25.
15
What is the remainder when 9709 is divided by 63?
7
What is the remainder when 379825 is divided by 10?
5
Calculate the remainder when 49183 is divided by 354.
331
Calculate the remainder when 7295 is divided by 1024.
127
What is the remainder when 128678 is divided by 8034?
134
What is the remainder when 444 is divided by 61?
17
What is the remainder when 5755 is divided by 305?
265
Calculate the remainder when 1587 is divided by 366.
123
Calculate the remainder when 15447 is divided by 78.
3
Calculate the remainder when 55584 is divided by 105.
39
What is the remainder when 5718 is divided by 1223?
826
What is the remainder when 2737 is divided by 145?
127
What is the remainder when 37903 is divided by 19?
17
Calculate the remainder when 3003 is divided by 1483.
37
What is the remainder when 928947 is divided by 55?
52
Calculate the remainder when 6872 is divided by 45.
32
What is the remainder when 27299 is divided by 2274?
11
Calculate the remainder when 1398 is divided by 66.
12
What is the remainder when 26157 is divided by 109?
106
What is the remainder when 3116 is divided by 657?
488
Calculate the remainder when 224583 is divided by 67.
66
What is the remainder when 24172 is divided by 226?
216
What is the remainder when 3559 is divided by 1168?
55
Calculate the remainder when 106828 is divided by 35.
8
Calculate the remainder when 212191 is divided by 304.
303
What is the remainder when 502213 is divided by 7?
5
Calculate the remainder when 719 is divided by 127.
84
What is the remainder when 144192 is divided by 48063?
3
Calculate the remainder when 74504 is divided by 24832.
8
Calculate the remainder when 115169 is divided by 29.
10
What is the remainder when 213560 is divided by 98?
18
Calculate the remainder when 697020 is divided by 298.
296
What is the remainder when 7240 is divided by 724?
0
Calculate the remainder when 31084 is divided by 18.
16
What is the remainder when 14552 is divided by 1050?
902
Calculate the remainder when 2406 is divided by 75.
6
Calculate the remainder when 15648 is divided by 617.
223
Calculate the remainder when 29587 is divided by 2936.
227
What is the remainder when 16630 is divided by 42?
40
Calculate the remainder when 163839 is divided by 1450.
1439
Calculate the remainder when 59368 is divided by 1649.
4
Calculate the remainder when 2826 is divided by 196.
82
Calculate the remainder when 37373 is divided by 3114.
5
Calculate the remainder when 23133 is divided by 125.
8
What is the remainder when 183031 is divided by 738?
7
What is the remainder when 2068 is divided by 296?
292
Calculate the remainder when 7053 is divided by 18.
15
What is the remainder when 12798 is divided by 47?
14
Calculate the remainder when 25617 is divided by 137.
135
Calculate the remainder when 87337 is divided by 29109.
10
What is the remainder when 2001 is divided by